te the greatest common divisor of y and 18.
18
Suppose -2*k - 3*x = -1, 5 = 4*k - 5*x - 8. Let w = 4 - k. Suppose -w*y + 61 = -29. What is the highest common divisor of y and 9?
9
Let b(f) = -f**3 + 4*f**2 + 2*f - 4. Let v be b(5). Let s be 755/(-25) + 3/15. Let i = v - s. What is the greatest common factor of i and 22?
11
Suppose 5*i = -20, -2*v - 2*i = -3*i - 148. Suppose -209 = -5*r + 4*h - v, 33 = r + 2*h. Calculate the highest common divisor of r and 87.
29
Let p be 0*(2 - 10/6). Suppose -3*g - 9 = 0, -k - 4*g = k + 6. Suppose n - 8*z + k*z = 29, -2*z - 6 = p. Calculate the highest common divisor of n and 21.
7
Let t = -183 - -295. Calculate the highest common divisor of 14 and t.
14
Let m be 1*-2*1/(-2). Let q be 9/(-6) + (-105)/(-14). Let o = m + q. Calculate the highest common divisor of o and 49.
7
Let h(f) = -f**2 + 12*f - 11. Let j(n) = -10*n**3. Let w be j(-1). Let x be h(w). Suppose -27 = -3*m - 0*m. Calculate the highest common factor of x and m.
9
Let b be (-44)/7 + 4/14. Let k(g) = -g**2 - 6*g - 8. Let u be k(b). Let d be (u - 1)/((-6)/4). Calculate the highest common factor of 54 and d.
6
Let j = -8 - -9. Calculate the highest common divisor of j and 6.
1
Let j(s) = s**3 + 6*s**2 + 6. Let g be j(-6). Let q = g - 0. Calculate the greatest common divisor of q and 6.
6
Let j = -31 - -67. What is the greatest common divisor of j and 24?
12
Suppose 0*s + s = 5*a - 48, 0 = -a + s + 12. Calculate the highest common factor of a and 1.
1
Let p = 33 + -19. Let b be 3/2 - (-105)/p. What is the highest common divisor of b and 36?
9
Suppose 16 = 8*n - 7*n. Calculate the greatest common factor of n and 24.
8
Suppose -4*i = -2*i - 6. What is the highest common factor of 27 and i?
3
Suppose -2*s - 2*o = -7*s - 527, -2*s - 5*o = 205. Let m = -60 - s. What is the highest common factor of 30 and m?
15
Suppose 4*r + 3*q = -0*r + 13, 3*q = 4*r - 19. Let m(i) = i**3 + 2*i**2 - 1. Let w be m(1). What is the highest common factor of r and w?
2
Let a = 44 - 16. Let g = 127 - 57. What is the highest common factor of g and a?
14
Let z be ((-8)/6)/((-4)/6). Suppose -3*j = 2*k - 3*k - 27, j - 4*k = -2. Calculate the highest common factor of j and z.
2
Suppose 411 = -3*b + 1005. Calculate the highest common factor of 18 and b.
18
Let s(t) be the second derivative of t**5/20 - 5*t**4/12 + t**3/6 + 3*t**2 + 10*t. Let v be s(5). Calculate the greatest common divisor of v and 11.
11
Let d be (4/4 - -2) + 27. Calculate the greatest common divisor of 6 and d.
6
Suppose -3*l = -l - 26. Suppose -l + 5 = -2*b. Calculate the highest common divisor of b and 32.
4
Let j be 1360/(6 + -2) + 1. What is the greatest common divisor of 31 and j?
31
Let l = 8 - 6. Suppose 2*f + r - 189 = 146, -l*r = -f + 180. Let v be f/8 + 2/(-8). What is the highest common divisor of v and 14?
7
Let d be 5 + (0 - (1 - 0)). Suppose 4*w = d + 36. Calculate the highest common factor of 5 and w.
5
Let v(b) be the second derivative of b**4/12 + b**3/2 - 13*b**2/2 + 4*b. Let w be v(-7). Calculate the highest common factor of 3 and w.
3
Let p = -1 + 5. Suppose p*b - 40 - 4 = 0. Calculate the greatest common divisor of b and 88.
11
Let v(m) = 6*m - 5. Let t be v(4). Suppose 5*p - t - 181 = 0. Let u be 4/1 + 2 + 2. Calculate the greatest common factor of u and p.
8
Suppose -1 - 7 = -2*b. Let t be b/(-22) - 642/(-22). Let f = t - 20. Calculate the greatest common factor of f and 81.
9
Suppose 0 = -2*n + 2*v + 150, 9*n = 10*n + 3*v - 83. What is the highest common divisor of n and 11?
11
Suppose -2*d + 126 = -0*d. Calculate the highest common factor of d and 42.
21
Let t be 2/8 - (-2)/((-8)/(-1091)). What is the highest common factor of 39 and t?
39
Suppose h = -k + 2, 4*k - 10 = -5*h - 2. Suppose -r = 5*a - 23, -3*r + h*a + 97 = a. What is the highest common divisor of r and 3?
3
Let j = -57 - -99. Let o = j + -30. What is the highest common divisor of 84 and o?
12
Suppose -3*r = -5*r. Suppose 2*n - 1 - 3 = r. What is the highest common factor of n and 8?
2
Suppose z + 5*j = 6, -5*j - 6 = 3*z - 4. Let i be 5 + z + 394/2. Suppose -4*f + 6*f = i. What is the highest common divisor of f and 11?
11
Suppose -n - 92 = -z + n, -4*n = 4*z - 356. Suppose j - z = -j. Calculate the highest common factor of j and 15.
15
Suppose 5*g + 3*z + 11 = 0, -g + z + z - 10 = 0. Let f = g - -15. Calculate the highest common factor of f and 88.
11
Let a = 15 + -5. Calculate the highest common divisor of 25 and a.
5
Let t(h) = 43*h**2 + 2*h + 1. Let a be t(-1). Let f be 3 - (0 + 0 - 3). What is the greatest common factor of f and a?
6
Let a be (0 + (-4)/6)/(2/(-69)). What is the highest common factor of 23 and a?
23
Suppose -12 = -4*t, 4*t - t = -2*b + 49. Calculate the highest common factor of 5 and b.
5
Let l(h) = -h**2 - h. Let m be l(1). Let c be 3 + (m/2)/(-1). What is the highest common divisor of c and 10?
2
Let o(s) = s**3 + 8*s**2 - 9*s + 5. Suppose 2*z - 4*z + d = 18, 4*z + 4*d + 36 = 0. Let r be o(z). Calculate the greatest common factor of 40 and r.
5
Let p = -64 + 90. Calculate the highest common factor of 208 and p.
26
Let l be (-1)/(-2 + (-35)/(-17)). Let w = -1 - l. Let h(k) = 21*k**3 + 2*k**2 + k - 2. Let n be h(2). What is the highest common divisor of n and w?
16
Suppose -4*u + 8*y - 3*y = -16, -4*y + 34 = 2*u. What is the greatest common factor of u and 99?
9
Suppose 0 = 4*g + g + 130. Suppose t + 2 = 0, -3*z - t + 101 = -8. Let f = g + z. Calculate the highest common divisor of 44 and f.
11
Suppose 2*a = -3*a + 585. Calculate the highest common divisor of a and 13.
13
Suppose -6 = j - 3*j. Let g(t) = -1 + 4*t**j + 3*t**2 + 2*t**2 + 3*t - 3*t**3. Let x be g(-3). Calculate the highest common divisor of x and 88.
8
Let d = -16 - 12. Let t = -7 - d. What is the highest common divisor of t and 21?
21
Let i(v) = -15*v + 35. Let s be i(-9). Calculate the highest common factor of s and 51.
17
Suppose -9 - 7 = -5*p + 3*l, 2*p = 2*l + 8. Let f be (-1)/3 + (-16)/(-12). Let t be 5 - p*f/(-1). What is the highest common factor of t and 49?
7
Let n(m) = 9*m**2 + 1. Let c be n(-1). Suppose 120 = 5*i - 0*d + 4*d, -d = -3*i + 55. What is the highest common factor of i and c?
10
Suppose 15 = 4*t + 5*o, 0 = -3*o - 2 - 1. Let d be 8/(-3 + 17/t). What is the greatest common factor of d and 50?
10
Suppose 0 = -c + 4*j + 1, 2*c - 2*j = -5*j + 35. Suppose -4*s - 2*y + 574 = 0, -2*s - s = -4*y - 425. Calculate the greatest common factor of s and c.
13
Suppose 0 = -3*m + 2*m. Suppose m = -2*l + 3*l - 12. Let p = 8 - 5. Calculate the highest common divisor of p and l.
3
Suppose 5*o = -5*q - 50, 1 = -0*o - o. Let d = q + 10. What is the highest common divisor of 5 and d?
1
Let s(u) = -u**3 - u**2 + 2*u + 1. Let m be s(-3). Suppose -p = -0*p - m. What is the greatest common divisor of 78 and p?
13
Let n = 385 - 223. Let f = 53 + -91. Let h = -20 - f. Calculate the greatest common factor of n and h.
18
Let o be (3 + 1)/(15/60). Suppose 3*w - 6 = 24. Suppose -3*a - 4*g = w, -5*a - 4*g - 2 = 4. What is the greatest common divisor of o and a?
2
Let r = -58 + 93. Let l be 118/8 + 3/(-4). Calculate the highest common divisor of r and l.
7
Suppose t + 1 = 4. Calculate the greatest common factor of t and 57.
3
Let j(o) = o**3 + 5*o**2 + o - 3. Let q be j(-3). Calculate the greatest common divisor of 8 and q.
4
Let k = 5 + 2. Let x be (-11)/(-2*2/12). Let p be x - (-2 + 0 + 0). What is the greatest common factor of p and k?
7
Let i(z) = -z + 18. Let q be i(8). What is the greatest common factor of 4 and q?
2
Let p(d) = -4*d**3 - 3*d**2 - 4*d - 1. Let u be p(-3). Let i = -66 + u. What is the greatest common divisor of i and 65?
13
Suppose a = -3*v + 68, -3*v - 5*a + 88 = -0*v. Let b = 5 + v. Let o = b + -12. What is the highest common factor of 21 and o?
7
Suppose -4*n = -72 - 8. Suppose -100 = -5*q + n. What is the greatest common divisor of 6 and q?
6
Let z be ((-30)/25)/(1/10). Let g = -3 - z. Let k be 4*(g/4 - 1). Calculate the highest common divisor of 35 and k.
5
Let z(g) = -9*g + 101. Let n be z(10). Suppose 0*l + 88 = 2*l. Calculate the greatest common divisor of n and l.
11
Suppose 0*l - 440 = -8*l. Calculate the greatest common divisor of 11 and l.
11
Let u = -19 - -25. Let q = 0 - 0. Suppose 0 = 4*v + o - 98, q = o - 4*o + 6.